s 1415780 a multiple of 29?
True
Is 321514 a multiple of 252?
False
Does 2 divide 153578?
True
Is 199386 a multiple of 735?
False
Is 26 a factor of 1872566?
False
Is 357280 a multiple of 55?
True
Is 46314 a multiple of 62?
True
Is 43762 a multiple of 80?
False
Is 13673 a multiple of 4?
False
Is 3 a factor of 4036089?
True
Does 26 divide 120253?
False
Is 44309 a multiple of 214?
False
Does 15 divide 49153?
False
Does 19 divide 949171?
False
Is 637582 a multiple of 11?
True
Is 37 a factor of 523917?
False
Is 17220 a multiple of 3?
True
Is 498 a factor of 2795772?
True
Is 50025 a multiple of 29?
True
Does 111 divide 6680646?
True
Is 104 a factor of 101088?
True
Is 515518 a multiple of 5?
False
Is 534635 a multiple of 27?
False
Is 38 a factor of 344880?
False
Is 4469484 a multiple of 116?
False
Is 93 a factor of 521110?
False
Is 5945 a multiple of 12?
False
Is 555 a factor of 1870905?
True
Is 126 a factor of 10037790?
True
Does 141 divide 1851168?
False
Is 1801388 a multiple of 17?
True
Is 57 a factor of 92226?
True
Is 33 a factor of 4024680?
True
Is 45118 a multiple of 32?
False
Is 147 a factor of 89651?
False
Does 237 divide 116367?
True
Does 11 divide 2604069?
False
Is 91 a factor of 6136746?
False
Is 1632 a factor of 5182623?
False
Does 13 divide 67511?
False
Is 90 a factor of 19350?
True
Is 404136 a multiple of 27?
True
Is 3669660 a multiple of 8?
False
Is 6403776 a multiple of 24?
True
Is 581 a factor of 2678991?
True
Does 16 divide 1966?
False
Is 8 a factor of 33095?
False
Does 63 divide 134316?
True
Is 114050 a multiple of 260?
False
Is 482000 a multiple of 4?
True
Does 72 divide 243784?
False
Is 20 a factor of 1102908?
False
Is 279321 a multiple of 283?
True
Does 93 divide 205065?
True
Is 5380183 a multiple of 184?
False
Does 50 divide 32480?
False
Does 287 divide 348418?
True
Is 298729 a multiple of 74?
False
Does 11 divide 1910260?
True
Is 6 a factor of 82138?
False
Is 73 a factor of 103930?
False
Is 16 a factor of 1262894?
False
Does 81 divide 1008100?
False
Is 394 a factor of 293136?
True
Does 37 divide 3747334?
False
Is 706045 a multiple of 516?
False
Does 7 divide 1645110?
False
Is 172587 a multiple of 48?
False
Is 23 a factor of 82652?
False
Is 290168 a multiple of 23?
True
Does 128 divide 390465?
False
Is 69 a factor of 60099?
True
Does 21 divide 773711?
False
Is 9708 a multiple of 35?
False
Is 67760 a multiple of 560?
True
Is 5334673 a multiple of 395?
False
Is 40026 a multiple of 6?
True
Is 176 a factor of 373296?
True
Is 13 a factor of 3227?
False
Is 110828 a multiple of 206?
True
Does 4 divide 53988?
True
Does 41 divide 16267422?
False
Is 12 a factor of 7884396?
True
Is 148 a factor of 1138416?
True
Is 46 a factor of 15916?
True
Is 35749 a multiple of 3?
False
Is 24 a factor of 204768?
True
Does 71 divide 844762?
False
Is 45 a factor of 576585?
True
Is 29424 a multiple of 24?
True
Does 157 divide 341772?
False
Is 553676 a multiple of 194?
True
Does 73 divide 1555338?
True
Is 303996 a multiple of 42?
True
Does 347 divide 232490?
True
Is 942 a factor of 14343652?
False
Is 134 a factor of 114167?
False
Is 35 a factor of 16419655?
True
Is 205 a factor of 689893?
False
Does 22 divide 93412?
True
Does 204 divide 1227694?
False
Is 3 a factor of 820645?
False
Does 209 divide 490941?
True
Is 90 a factor of 28395?
False
Is 3003247 a multiple of 140?
False
Is 82 a factor of 118384?
False
Does 17 divide 8540?
False
Is 225904 a multiple of 4?
True
Does 86 divide 108790?
True
Is 252914 a multiple of 660?
False
Is 23181368 a multiple of 76?
True
Is 589784 a multiple of 106?
True
Is 305749 a multiple of 94?
False
Does 12 divide 485573?
False
Is 78 a factor of 1865994?
True
Is 191 a factor of 401798?
False
Is 119654 a multiple of 163?
False
Is 418498 a multiple of 494?
False
Is 8 a factor of 37680?
True
Is 106 a factor of 9839980?
True
Is 34 a factor of 664235?
False
Does 5 divide 3153764?
False
Is 692384 a multiple of 56?
True
Does 614 divide 847934?
True
Does 22 divide 604304?
False
Is 44982 a multiple of 11?
False
Does 332 divide 332493?
False
Does 40 divide 637480?
True
Is 46 a factor of 296608?
True
Is 1534932 a multiple of 42?
True
Is 10 a factor of 6309?
False
Is 56224 a multiple of 251?
True
Does 12 divide 389117?
False
Does 46 divide 241224?
True
Does 8 divide 420304?
True
Is 42 a factor of 63244?
False
Is 500 a factor of 842660?
False
Is 143 a factor of 3442883?
False
Is 8 a factor of 123861?
False
Is 41 a factor of 20664?
True
Is 116409 a multiple of 11?
False
Is 76 a factor of 533566?
False
Is 553961 a multiple of 14?
False
Does 57 divide 9433313?
False
Is 30 a factor of 93750?
True
Is 1102 a factor of 1894553?
False
Does 52 divide 94484?
True
Does 545 divide 34280033?
False
Is 13 a factor of 1264835?
True
Is 422684 a multiple of 12?
False
Is 1373717 a multiple of 76?
False
Is 122 a factor of 7942?
False
Is 45 a factor of 571378?
False
Is 372228 a multiple of 12?
True
Does 162 divide 604908?
True
Is 21 a factor of 1925301?
True
Is 1167 a factor of 2553578?
False
Is 4 a factor of 2593?
False
Is 651 a factor of 5440934?
False
Is 5 a factor of 116018?
False
Is 18 a factor of 218145?
False
Does 47 divide 5738794?
True
Is 175672 a multiple of 8?
True
Is 103 a factor of 574645?
False
Is 1085280 a multiple of 224?
True
Is 136625 a multiple of 404?
False
Is 6327618 a multiple of 33?
True
Is 430530 a multiple of 5?
True
Does 302 divide 1335304?
False
Is 11 a factor of 2504901?
False
Is 28 a factor of 23149052?
False
Is 156 a factor of 142116?
True
Is 110500 a multiple of 4?
True
Does 12 divide 101488?
False
Is 511988 a multiple of 4?
True
Does 83 divide 226839?
True
Is 265 a factor of 967515?
True
Does 109 divide 12535?
True
Is 213 a factor of 67734?
True
Is 1725387 a multiple of 7?
False
Is 1468324 a multiple of 286?
True
Is 904 a factor of 2155540?
False
Is 2533476 a multiple of 9?
False
Does 20 divide 2553180?
True
Is 60 a factor of 32891?
False
Is 74980 a multiple of 460?
True
Is 114 a factor of 491340?
True
Is 952 a factor of 8241146?
False
Does 505 divide 2790859?
False
Is 5 a factor of 573990?
True
Is 1225 a factor of 2686863?
False
Does 17 divide 19876?
False
Is 3778736 a multiple of 208?
True
Does 403 divide 10726111?
False
Is 381 a factor of 126202?
False
Is 32 a factor of 66967?
False
Is 56 a factor of 77969?
False
Is 249647 a multiple of 16?
False
Is 6 a factor of 991926?
True
Does 209 divide 470493?
False
Is 23 a factor of 106354?
False
Does 708 divide 405190?
False
Is 7 a factor of 193?
False
Is 149601 a multiple of 14?
False
Is 42534 a multiple of 302?
False
Is 472127 a multiple of 9?
False
Is 11 a factor of 5973245?
False
Does 22 divide 211178?
True
Is 11 a factor of 8475800?
False
Is 30282 a multiple of 19?
False
Is 441 a factor of 391929?
False
Is 12 a factor of 7198356?
True
Is 49 a factor of 3920892?
False
Is 270680 a multiple of 270?
False
Is 7767539 a multiple of 21?
False
Is 40 a factor of 728699?
False
Is 286873 a multiple of 27?
False
Is 64 a factor of 59584?
True
Is 426 a factor of 173382?
True
Does 141 divide 1921407?
True
Is 135510 a multiple of 59?
False
Does 3 divide 7492521?
True
Does 20 divide 148079?
False
Does 102 divide 762014?
False
Is 12 a factor of 25231?
False
Does 13 divide 5003848?
False
Does 61 divide 64504?
False
Is 1190371 a multiple of 13?
True
Is 775833 a multiple of 11?
False
Is 498 a factor of 6181176?
True
Is 23 a factor of 1158552?
False
Does 47 divide 19172?
False
Is 80 a factor of 2689440?
True
Is 8 a factor of 1153015?
False
Is 445375 a multiple of 997?
False
Does 17 divide 1213238?
False
Is 5 a factor of 20338?
False
Is 8 a factor of 258240?
True
Is 585 a factor of 1440586?
False
Is 27 a factor of 15578109?
True
Does 86 divide 17630?
True
Does 135 divide 309555?
True
Does 65 divide 3856024?
False
Does 79 divide 533645?
True
Is 8038857 a multiple of 103?
False
Does 119 divide 11681737?
False
Does 67 divide 259691?
False
Is 137 a factor of 179093?
False
Is 29 a factor of 11104736?
False
Is 112889 a multiple of 4?
False
Is 211 a factor of 15811?
False
Does 278 divide 7318072?
True
Does 656 divide 204959?
False
Is 91 a factor of 182910?
True
Is 80 a factor of 202471?
False
Is 6 a factor of 366174?
True
Is 142163 a multiple of 55?
False
Is 131670 a multiple of 495?
True
Is 21 a factor of